01010101101
In base 16, what is 6fce01f - -2?
6fce021
In base 4, what is 2133131 - 1003?
2132122
In base 2, what is 1100000111001101110 + 1000?
1100000111001110110
In base 11, what is -205 + -110459?
-110663
In base 9, what is 1 - 276664833?
-276664832
In base 2, what is -1011001101110 + 1111011011010000?
1110000001100010
In base 10, what is 17738220 + -2?
17738218
In base 8, what is 700373 + 60?
700453
In base 14, what is 6066 - -24d6?
855c
In base 2, what is -10000100000 - 100001001?
-10100101001
In base 4, what is 12 + 21212332101?
21212332113
In base 11, what is 6891 - -389?
716a
In base 16, what is 134806 + 3b?
134841
In base 6, what is -1104100 - 15?
-1104115
In base 6, what is -1452445251 + -1?
-1452445252
In base 9, what is -84530 + 6063?
-77456
In base 12, what is 24 - 170000?
-16bb98
In base 2, what is -101011101 + -101100101110101?
-101101011010010
In base 8, what is 40 + -17304?
-17244
In base 6, what is -303 - -30223?
25520
In base 14, what is 4 - dccd92b?
-dccd927
In base 4, what is -1303231002 - 11?
-1303231013
In base 4, what is -10231301123 - -3?
-10231301120
In base 11, what is -3 - -47966590?
47966588
In base 10, what is -5 + 9231737?
9231732
In base 9, what is 87634 + 115?
87750
In base 9, what is 5 + 4040220?
4040225
In base 7, what is -45562 + -5?
-45600
In base 6, what is 13010 + 440033?
453043
In base 16, what is 1 - -6fd2d?
6fd2e
In base 4, what is -10 - 22201103110?
-22201103120
In base 12, what is 134 + -11387b?
-113747
In base 6, what is 145121101 - -23?
145121124
In base 15, what is b16c76 + 5?
b16c7b
In base 7, what is 326 - 1013161?
-1012532
In base 10, what is -3 - 155557225?
-155557228
In base 15, what is -450 + -e0bd?
-e51d
In base 13, what is -2 + 1649aa9?
1649aa7
In base 16, what is 87c312f + -4?
87c312b
In base 14, what is 35 + -11a7350?
-11a7319
In base 3, what is -201101110002 + -110?
-201101110112
In base 14, what is -b + -6980259?
-6980266
In base 15, what is -137ab23 + -1?
-137ab24
In base 8, what is -54501 - 334?
-55035
In base 12, what is 1180 + -3a493?
-39313
In base 7, what is 2523 - 11651?
-6125
In base 14, what is 2191c9 - d?
2191ba
In base 16, what is 11c952 - -9?
11c95b
In base 13, what is 564619 + -5?
564614
In base 12, what is 151a - -848?
2166
In base 10, what is 525803 + -117?
525686
In base 4, what is -1323130123 - 3?
-1323130132
In base 10, what is 364208 + -16?
364192
In base 2, what is 10111101011111 + 1110111101111?
100110101001110
In base 13, what is 19 + 10745bb?
1074607
In base 16, what is -2d4be + 0?
-2d4be
In base 9, what is 3833100 + -85?
3833004
In base 16, what is -1960 + d60?
-c00
In base 14, what is -3045 + -15c2?
-4627
In base 15, what is -6e991 - 4?
-6e995
In base 9, what is 283 + -145613?
-145320
In base 2, what is -11000000001001101110 - -11000?
-11000000001001010110
In base 16, what is c + -d64ec?
-d64e0
In base 12, what is -4418 + 23b65?
1b749
In base 8, what is -45 + -1601750?
-1602015
In base 11, what is 2011 - 34674?
-32663
In base 5, what is -3233120 + 33?
-3233032
In base 7, what is 3643 - -50040?
54013
In base 8, what is -131624131 - 11?
-131624142
In base 3, what is 100021110211121 + -101?
100021110211020
In base 5, what is 31131421 + 32144?
31214120
In base 16, what is f80153 - -4?
f80157
In base 10, what is 1416 - 12418?
-11002
In base 12, what is b97a + -871a?
3260
In base 15, what is 67c8d - -1?
67c8e
In base 10, what is -3241488 + 2?
-3241486
In base 14, what is 4 + -2416d7?
-2416d3
In base 8, what is 5604 - 367207?
-361403
In base 8, what is 2 - -160320245?
160320247
In base 10, what is -218 + 88354?
88136
In base 15, what is -3d053cd - 0?
-3d053cd
In base 5, what is -122043 - 31104213?
-31231311
In base 4, what is -12330012 + 311?
-12323101
In base 15, what is -604a5 - -9e?
-60406
In base 7, what is -1325465562 - -23?
-1325465536
In base 15, what is -2 + -180b5ca?
-180b5cc
In base 2, what is -1101100100 + -10000101101101110000?
-10000101111011010100
In base 5, what is 1032004313 + 20?
1032004333
In base 2, what is -1001101001101001010 + -10011111?
-1001101001111101001
In base 10, what is -568 - 257013?
-257581
In base 16, what is d3 + 2c88?
2d5b
In base 2, what is -1111001100100001001010 + 10101?
-1111001100100000110101
In base 2, what is -1001 - -110001101010001011001100010?
110001101010001011001011001
In base 6, what is -12 + 5151035?
5151023
In base 7, what is -31645624 - 12?
-31645636
In base 13, what is 50c00 + 87?
50c87
In base 14, what is 5 + -2aac21?
-2aac1a
In base 2, what is 11000 - 101100101001001000111111?
-101100101001001000100111
In base 7, what is 145404 - 362?
145012
In base 5, what is -1323204 + 13120?
-1310034
In base 9, what is 7558 - -1620?
10278
In base 2, what is 11110001000001 + -10000110011?
11100000001110
In base 10, what is -24 - 1139481?
-1139505
In base 10, what is -5643226 - 2?
-5643228
In base 4, what is 11120232300 - 100?
11120232200
In base 5, what is 33 + 1101221143?
1101221231
In base 10, what is 9 - -2643542?
2643551
In base 2, what is -110100010001 - -1000010010001?
1110000000
In base 3, what is 10220 + 1202210121?
1202221111
In base 10, what is 242661 - 197?
242464
In base 8, what is 2737743436 + -1?
2737743435
In base 15, what is 0 - e2aa79?
-e2aa79
In base 13, what is b - -307a78?
307a86
In base 8, what is -3 - -40522641?
40522636
In base 7, what is 12 - -5504525?
5504540
In base 6, what is -3143000 + -2043?
-3145043
In base 4, what is 101201311332 - -133?
101201312131
In base 8, what is -23612103 + 154?
-23611727
In base 12, what is -77879 + 2?
-77877
In base 8, what is -6207170326 + 5?
-6207170321
In base 13, what is -15b4 - 2ba4?
-4488
In base 6, what is -1110021 - 30205?
-1140230
In base 7, what is -5111201 + -3?
-5111204
In base 9, what is -15311 - 5758?
-22170
In base 16, what is 2f2036 - -2c?
2f2062
In base 9, what is 27450 + -563?
26776
In base 14, what is -10776179 + -5?
-10776180
In base 3, what is 210220 - 10100200202?
-10022212212
In base 9, what is 8 - -5718481?
5718500
In base 7, what is 620033310 + -1?
620033306
In base 10, what is 18438 - -18?
18456
In base 11, what is 3602 + 5743?
9245
In base 4, what is -1331320112220 + -12?
-1331320112232
In base 7, what is -411165 - -2?
-411163
In base 7, what is -10051036 + 6?
-10051030
In base 6, what is -101 + 331302?
331201
In base 4, what is -10 + -131103321102?
-131103321112
In base 13, what is -992 - -129a1?
1200c
In base 10, what is -1 - -46160503?
46160502
In base 5, what is -34410431 - -323?
-34410103
In base 8, what is -2401 + 416?
-1763
In base 14, what is 1 + -2db60a?
-2db609
In base 10, what is -92807 + 49?
-92758
In base 8, what is -14227 + 42052?
25623
In base 13, what is -646681a7 + 3?
-646681a4
In base 5, what is 410014 - 413?
404101
In base 12, what is -333 - -4373?
4040
In base 13, what is 11a - 5445c?
-54342
In base 9, what is -4077034 + 3?
-4077031
In base 11, what is 9277 + 428?
96a4
In base 16, what is -1207b25 + 3?
-1207b22
In base 16, what is -4 + -6f3e90?
-6f3e94
In base 6, what is -10521544030 - -2?
-10521544024
In base 13, what is 1c - -28b07ab?
28b07ca
In base 6, what is 3150243 + 324?
3151011
In base 11, what is -a68a1250 + 2?
-a68a1249
In base 5, what is -34 + -10223310200?
-10223310234
In base 12, what is 6735ab + -121?
67348a
In base 7, what is -2 + -156506062?
-156506064
In base 14, what is -1083 + -302?
-1385
In base 11, what is 6999776 - -2?
6999778
In base 16, what is -af - 51ec?
-529b
In base 8, what is 1273444360 + -5?
1273444353
In base 16, what is 5 + 60738c?
607391
In base 15, what is -27 + 1153568?
1153541
In base 8, what is -1 - -11726002?
11726001
In base 15, what is -563bb + -47?
-56413
In base 3, what is -102102200120 - 21100?
-102102221220
In base 7, what is 5 + -300002245?
-300002240
In base 12, what is -13a52b1 + -1?
-13a52b2
In base 6, what is 21432214 + 55?
21432313
In base 4, what is -2122332011221 + 11?
-2122332011210
In base 6, what is -5125 - 114551?
-124120
In base 14, what is 3a - 473b7?
-4737b
In base 7, what is 40102555 - -14?
40102602
In base 14, what is -42256 - 23?
-42279
In base 2, what is 111000010110000110011100 - -10100?
111000010110000110110000
In base 8, what is -2 - -147206670?
147206666
In base 5, what is 12400104212 + 100?
12400104312
In base 2, what is -10011 + -110011010011000101000?
-1